85 = 2*n + 5*y, 5*n = 4*y + 212. What is the units digit of n?
0
Let v(o) be the second derivative of -5*o**3/6 - o**2/2 + o. Let q be v(-2). Let d = q + 12. What is the tens digit of d?
2
Let v = 122 + -18. What is the units digit of v?
4
Let y(p) = -p + 11. Let r be y(5). Suppose r = 5*f - 4. Suppose -f*a = a - 36. What is the units digit of a?
2
Let a be 42/35*15/9. Let q(m) = 23*m**2 - 5*m + 5. What is the tens digit of q(a)?
8
Let k(j) = 8*j**2 - 4*j + 3. Let a be k(1). Suppose -a*c + 120 = -c. What is the tens digit of c?
2
Let y be -1 - (2 + -5 + -173) - 3. Let l = y - 66. What is the units digit of l?
6
Suppose 22 = -3*d - 5*j + 309, 3*j = -2*d + 192. What is the tens digit of d?
9
Let u be ((-24)/30)/(3/(-345) + 0). Suppose 3*t - 344 = o, -o - u = -t + 24. What is the units digit of t?
4
Let k(i) = 21*i**2 - 3*i - 2. Let m be k(-2). Let s = -35 + m. What is the tens digit of s?
5
What is the units digit of 1198/13 + (-7)/(364/8)?
2
Let t(r) = r**3 - 10*r**2 - 23*r + 30. What is the units digit of t(15)?
0
Suppose -3 = 3*o - 2*h, -5*h = 4*o + 10 - 29. Let k = o - -13. What is the tens digit of k?
1
Let c be (-84)/(-9)*(-33)/(-4). Suppose 4*s + c = 3*h, -2*h - s = -3*h + 26. What is the units digit of h?
7
Suppose -51*c = -54*c + 219. What is the tens digit of c?
7
Let p = -785 + 1932. What is the hundreds digit of p?
1
Let i(p) = 4*p**2 - 12*p - 42. Let g be i(13). Suppose 13*m - g = 393. What is the units digit of m?
7
Suppose 7 + 17 = 4*k. Suppose -k*v + 2*v + 256 = 0. What is the tens digit of v?
6
Suppose 5*s = -2*p + 13, -p - 1 = -0*p. Let q = s + 49. What is the units digit of q?
2
Suppose -31*b + 36*b - 4*a - 9796 = 0, -5*a + 7804 = 4*b. What is the units digit of b?
6
Let y be 1/3 + (-573)/(-9). Suppose 10*g + y = 2*g. Let c(i) = i**3 + 7*i**2 - 9*i. What is the units digit of c(g)?
8
Let c(p) = -13*p**2 + 2*p - 145. Let w(g) = 7*g**2 - g + 72. Let h(n) = -6*c(n) - 11*w(n). What is the tens digit of h(0)?
7
Let r = 1010 - -755. What is the tens digit of r?
6
Suppose 0 = 3*p - 0*k + 5*k - 337, 4*p - 2*k = 432. What is the units digit of p?
9
Let v be 6/(-15) - (-1004)/10. Suppose -2*c = -7*c + v. Let t = c + -2. What is the units digit of t?
8
Let s(z) be the third derivative of 7*z**2 + 0*z + 1/30*z**5 - 1/8*z**4 + 0 + 1/2*z**3. What is the units digit of s(2)?
5
Let t(w) = 6*w + 11. Let k be t(-15). What is the units digit of (0 + -1)/(1/k)?
9
Let l(s) = -6*s - 26. Let z be l(-5). Suppose -z*q + 20 = 0, -5*f - 4*q = -5*q - 1020. What is the tens digit of f?
0
Let i be ((-16)/5)/((-12)/90). Let b = 1 + i. What is the tens digit of b?
2
Suppose 37 = 5*v + 27. Let o be 49 - (v + -5 - -5). Let c = 11 + o. What is the units digit of c?
8
Suppose 3*s = -u + 1958, -486 = -s - 2*u + 165. What is the units digit of s?
3
Let b = 48 + -45. Let j(t) = t**3 + 4*t**2 + t - 4. What is the units digit of j(b)?
2
What is the units digit of ((-882)/(-4))/(2/4)?
1
Let m(j) = j**3 + j**2 + j - 1. Let c be m(1). What is the units digit of (-1196)/(-69)*(9/c - 0)?
8
Suppose 0 = 8*v + 3 - 19. What is the units digit of ((-20)/(-1))/(0 + v - 0)?
0
Let x(a) = -a**3 - 18*a**2 - 18*a + 3. Let h be x(-17). Let o = 0 + h. Let l = o + 4. What is the tens digit of l?
2
Let m(g) = 3*g**2 + g + 2. Let i(c) = c**3 + 8*c**2 + 13*c + 9. Let y be i(-6). Let w be m(y). Suppose -a + w = -9. What is the units digit of a?
1
Let f be (60/(-8))/(-5)*4/3. Suppose 3*p + 0*g = -f*g + 534, -3*p + 534 = -3*g. What is the units digit of p?
8
Suppose 8*p = 1 + 23. Suppose -z - 30 = 3*r, -4*r - 105 = p*z - 0*r. Let s = z + 103. What is the units digit of s?
4
Let k(o) be the third derivative of -o**4/3 - o**3/6 + 25*o**2. What is the hundreds digit of k(-21)?
1
Suppose 0 = -5*a - 13 - 7, -2*q = 3*a - 68. Let n = 70 - q. Suppose -2*k = -88 + n. What is the units digit of k?
9
Let q be (-1)/(-8) - (-200)/(-64). Let s(z) = -7*z**3 + z**2 + 5*z + 12. What is the tens digit of s(q)?
9
Let k(x) = -66*x**3 - 2*x**2 - x. Suppose -2*a = -j - 0 - 3, a = j + 2. What is the units digit of k(j)?
5
Let y = 189 + -84. Let b = y - 46. What is the tens digit of b?
5
Suppose -4*v = 5*d - 1364, 0 = -7*v + 2*v + d + 1705. What is the units digit of v?
1
Let a be ((-2)/(-16)*4)/((-1)/(-50)). Let d = 32 - 10. Let z = a - d. What is the units digit of z?
3
Let u be (-1)/(1 - (-14)/(-13)). Let m = u + -8. Suppose m*g - 15 = 95. What is the tens digit of g?
2
What is the units digit of 23854/30 - 82/615?
5
Let i(z) = 57*z**2 - 3*z + 3. Let k(y) = 123*y**2 - 6*y + 7. Let s(r) = 13*i(r) - 6*k(r). Let v be 5*1/1 + -1. What is the tens digit of s(v)?
3
Suppose -5*y - 11 = 2*a + 6, -5*a + 3*y = -35. Suppose 4*t + 8*o - a*o - 1084 = 0, 548 = 2*t - o. What is the hundreds digit of t?
2
What is the tens digit of 190/8 + -12 - 1/(-4)?
1
Let t = 34 - -27. Let w = t - 101. Let r = -15 - w. What is the units digit of r?
5
Let s = -177 + 1329. Let p = -804 + s. What is the hundreds digit of p?
3
Suppose -30 = -4*f - 2*d, -d + 4*d = -5*f + 36. Let i = 6 - f. What is the units digit of i/(1 + 16/(-12))?
9
Let o be (-6)/(-8) - 1932/16. Let p be (180/8)/(-9)*o. Suppose -p = -z - 3*z. What is the tens digit of z?
7
Suppose -26*t = -3605 - 8511. What is the tens digit of t?
6
Let t be -8 + 11 - (-890)/(1*2). Suppose -5*x + t = -0*s + s, -4*x = 3*s - 365. What is the units digit of x?
9
Let s = 12 + 13. Suppose 5*m = -s + 350. What is the tens digit of m?
6
Let r(k) = 26*k**2 + 5*k - 4*k + 14 - 12 + 7*k**2. What is the units digit of r(-3)?
6
Let s(i) be the second derivative of -i**4/12 + 31*i**3/6 - 9*i**2 + 24*i. What is the hundreds digit of s(19)?
2
Suppose 2*z + 0*z = 38. Suppose -5*h - z - 41 = 0. Let u = -4 - h. What is the units digit of u?
8
Suppose v - 6*v = -20. Suppose 0 = -a + 40 - v. Suppose -6*u + 4*u + a = 0. What is the tens digit of u?
1
Suppose 0 = 96*d - 98*d + 392. What is the hundreds digit of d?
1
Suppose 43*r - 14*r = 21663. What is the tens digit of r?
4
Let o = 0 + 4. Suppose -240 = -5*x + 5*q, 2*x + o*q - 189 = -63. What is the units digit of x?
3
Suppose 0 = 5*s - 2*q - 104, s - 5*q + q = 28. Let v = s + -13. What is the units digit of v?
7
Let t = 156 + -152. Suppose -t*u - 227 = i - 6*i, 98 = 2*i + 2*u. What is the tens digit of i?
4
Suppose 39*v + 25997 - 133871 = 0. What is the units digit of v?
6
Let p(h) = 15 - h + 3 + 0. What is the tens digit of p(-7)?
2
Let i(j) = -5*j - 9. Let m be i(-3). What is the tens digit of (141/m)/((0 + 2)/4)?
4
Let g be 2/1 - (-3 + 3). Suppose g*a - 6*a + 16 = 0. Suppose -4*f + 5*q + 53 = 0, -2*f = -a*q - 2 - 26. What is the tens digit of f?
1
Let d(c) = -5*c**3 + 4*c**2 - 23*c - 192. What is the tens digit of d(-7)?
8
Let t = -203 - -563. What is the units digit of t?
0
Let h = 312 - 223. Let b = 150 - h. What is the tens digit of b?
6
Let x(r) = 27*r**2 + 8*r - 97. What is the units digit of x(-8)?
7
Let z be 238/(-4) - (-4)/8. Let n = 7 - z. What is the units digit of n?
6
Suppose 0*i = 3*i - 6. Suppose -7*c + i*c = -375. What is the units digit of c?
5
Let u = 1 + 5. Let i(t) be the first derivative of -t**4/4 + 7*t**3/3 + t**2 - 7*t + 35. What is the units digit of i(u)?
1
Let i = 144 - -557. What is the units digit of i?
1
Let y(w) be the first derivative of 49*w**3 - w**2/2 + 2*w - 12. What is the units digit of y(1)?
8
Let t(b) = 15*b**2 - 7*b + 16. What is the hundreds digit of t(-4)?
2
Let n = 79 - -43. Let c = n - 83. What is the units digit of c?
9
Suppose 6*r - 132 = 2*r. Suppose -i + 2*t - 1 = -r, 3*i - 60 = -3*t. What is the tens digit of i?
2
Let t(a) = -a**2 - 9*a + 14. Let o be t(-11). Let s be 4/(1 + (0 - 2)). What is the units digit of s*(30/o + 2)?
7
Let w = 184 + 20. What is the tens digit of w?
0
Suppose 0 = u + 2*u - 12. Suppose 0 = u*f + f - 55. What is the tens digit of f?
1
What is the hundreds digit of (-29427)/(-51) + -6*3/(-6)?
5
Let w = 292 - 173. What is the units digit of w?
9
Suppose 0 = 3*c - 2*p + 337, 0*p + 565 = -5*c + 4*p. What is the units digit of (c - 9)*2/(-4)?
9
Let v be 3 + (-1)/(3 + -2). Suppose t + v*x - 401 = -2*t, x = -2*t + 269. Suppose 5*o + 17 = t. What is the units digit of o?
4
Let x = 33 + -32. Let v(l) = 43*l**3 + 2*l**2 - 2*l. What is the units digit of v(x)?
3
Let x be 158 - (1*-8)/(-4). Suppose